{"id":50,"date":"2017-10-20T22:31:08","date_gmt":"2017-10-20T22:31:08","guid":{"rendered":"http:\/\/oamgmamr-gorj.ro\/?page_id=50"},"modified":"2019-02-26T18:29:25","modified_gmt":"2019-02-26T18:29:25","slug":"legislatie-oamgmamr","status":"publish","type":"page","link":"https:\/\/oamgmamr-gorj.ro\/index.php\/legislatie-oamgmamr\/","title":{"rendered":"Legisla\u021bie"},"content":{"rendered":"<p><div id=\"fusion-scroll-section-1\" class=\"fusion-scroll-section\" data-section=\"1\" ><div class=\"fusion-scroll-section-element active\" data-section=\"1\" data-element=\"1\" style=\"transition-duration:450ms;&quot;\" ><div class=\"fusion-fullwidth fullwidth-box fusion-builder-row-1 nonhundred-percent-fullwidth hundred-percent-height hundred-percent-height-center-content hundred-percent-height-scrolling fusion-equal-height-columns\" style=\"background-color: rgba(255,255,255,0);background-position: left top;background-repeat: no-repeat;padding-top:70px;padding-right:0px;padding-bottom:90px;padding-left:0px;margin-bottom: 0px;margin-top: 0px;border-width: 0px 0px 0px 0px;border-color:#e8eaf0;border-style:solid;\" ><div class=\"fusion-fullwidth-center-content\"><div class=\"fusion-builder-row fusion-row\"><div class=\"fusion-layout-column fusion_builder_column fusion-builder-column-0 fusion_builder_column_1_1 1_1 fusion-one-full fusion-column-first fusion-column-last\" style=\"margin-top:30px;margin-bottom:20px;\"><div class=\"fusion-column-wrapper fusion-flex-column-wrapper-legacy\" style=\"background-position:left top;background-repeat:no-repeat;-webkit-background-size:cover;-moz-background-size:cover;-o-background-size:cover;background-size:cover;padding: 0px 0px 0px 0px;\"><div class=\"fusion-column-content-centered\"><div class=\"fusion-column-content\"><div class=\"fusion-sep-clear\"><\/div><div class=\"fusion-separator fusion-full-width-sep\" style=\"margin-left: auto;margin-right: auto;margin-top:15px;width:100%;\"><\/div><div class=\"fusion-sep-clear\"><\/div><div class=\"fusion-text fusion-text-1\"><h2 class=\"entry-title fusion-post-title\" data-fontsize=\"18\" data-lineheight=\"27\">Legea exercit\u0103rii profesiei de asistent medical generalist, a profesiei de moa\u015f\u0103 \u015fi a profesiei de asistent medical.<\/h2>\n<div class=\"post-content\">\n<p>ORDONAN\u0162\u0102 DE URGEN\u0162\u0102 Nr. 144 din 28 octombrie 2008 privind exercitarea profesiei de asistent medical generalist, a profesiei de moa\u015f\u0103 \u015fi a profesiei de asistent medical, precum \u015fi organizarea \u015fi func\u0163ionarea Ordinului Asisten\u0163ilor Medicali Generali\u015fti, Moa\u015felor \u015fi Asisten\u0163ilor Medicali din Rom\u00e2nia.<\/p>\n<p><strong>Act de baz\u0103<\/strong><br \/>\n#B: Ordonan\u0163a de urgen\u0163\u0103 a Guvernului nr. 144\/2008<\/p>\n<h3 data-fontsize=\"17\" data-lineheight=\"23\"><strong><a href=\"https:\/\/www.oamr.ro\/wp-content\/uploads\/2013\/09\/OUG-144_Legea-278.2015.pdf\" target=\"_blank\" rel=\"noreferrer noopener\">Descarc\u0103 documentul complet<\/a><\/strong><\/h3>\n<\/div>\n<div class=\"post-content\"><\/div>\n<\/div><div class=\"fusion-sep-clear\"><\/div><div class=\"fusion-separator fusion-clearfix\" style=\"float:left;margin-bottom:20px;width:100%;max-width:20px;\"><\/div><div class=\"fusion-sep-clear\"><\/div><\/div><\/div><div class=\"fusion-clearfix\"><\/div><\/div><\/div><\/div><\/div><\/div><\/div><div class=\"fusion-scroll-section-element\" data-section=\"1\" data-element=\"2\" style=\"transition-duration:450ms;&quot;\" ><div class=\"fusion-fullwidth fullwidth-box fusion-builder-row-2 nonhundred-percent-fullwidth hundred-percent-height hundred-percent-height-center-content hundred-percent-height-scrolling fusion-equal-height-columns\" style=\"background-color: #f7f8f9;background-position: left top;background-repeat: no-repeat;padding-top:70px;padding-right:0px;padding-bottom:90px;padding-left:0px;margin-bottom: 0px;margin-top: 0px;border-width: 0px 0px 0px 0px;border-color:#e8eaf0;border-style:solid;\" ><div class=\"fusion-fullwidth-center-content\"><div class=\"fusion-builder-row fusion-row\"><div class=\"fusion-layout-column fusion_builder_column fusion-builder-column-1 fusion_builder_column_1_2 1_2 fusion-one-half fusion-column-first\" style=\"width:50%;width:calc(50% - ( ( 9% ) * 0.5 ) );margin-right: 9%;margin-top:30px;margin-bottom:20px;\"><div class=\"fusion-column-wrapper fusion-flex-column-wrapper-legacy\" style=\"background-position:left top;background-repeat:no-repeat;-webkit-background-size:cover;-moz-background-size:cover;-o-background-size:cover;background-size:cover;padding: 0px 0px 0px 0px;\"><div class=\"fusion-column-content-centered\"><div class=\"fusion-column-content\"><div class=\"imageframe-align-center\"><span class=\" fusion-imageframe imageframe-none imageframe-1 hover-type-none\"><img decoding=\"async\" width=\"1024\" height=\"756\" title=\"db-20dasrrrs\" src=\"https:\/\/oamgmamr-gorj.ro\/wp-content\/uploads\/2019\/02\/db-20dasrrrs-1024x756.png\" alt class=\"img-responsive wp-image-1099\" srcset=\"https:\/\/oamgmamr-gorj.ro\/wp-content\/uploads\/2019\/02\/db-20dasrrrs-200x148.png 200w, https:\/\/oamgmamr-gorj.ro\/wp-content\/uploads\/2019\/02\/db-20dasrrrs-400x295.png 400w, https:\/\/oamgmamr-gorj.ro\/wp-content\/uploads\/2019\/02\/db-20dasrrrs-600x443.png 600w, https:\/\/oamgmamr-gorj.ro\/wp-content\/uploads\/2019\/02\/db-20dasrrrs-800x590.png 800w, https:\/\/oamgmamr-gorj.ro\/wp-content\/uploads\/2019\/02\/db-20dasrrrs-1200x886.png 1200w\" sizes=\"(max-width: 800px) 100vw, 600px\" \/><\/span><\/div><div class=\"fusion-sep-clear\"><\/div><div class=\"fusion-separator fusion-clearfix\" style=\"float:left;margin-bottom:20px;width:100%;max-width:20px;\"><\/div><div class=\"fusion-sep-clear\"><\/div><\/div><\/div><div class=\"fusion-clearfix\"><\/div><\/div><\/div><div class=\"fusion-layout-column fusion_builder_column fusion-builder-column-2 fusion_builder_column_1_2 1_2 fusion-one-half fusion-column-last\" style=\"width:50%;width:calc(50% - ( ( 9% ) * 0.5 ) );margin-top:30px;margin-bottom:20px;\"><div class=\"fusion-column-wrapper fusion-flex-column-wrapper-legacy\" style=\"background-position:left top;background-repeat:no-repeat;-webkit-background-size:cover;-moz-background-size:cover;-o-background-size:cover;background-size:cover;padding: 0px 0px 0px 0px;\"><div class=\"fusion-column-content-centered\"><div class=\"fusion-column-content\"><div class=\"fusion-sep-clear\"><\/div><div class=\"fusion-separator fusion-full-width-sep\" style=\"margin-left: auto;margin-right: auto;margin-top:15px;width:100%;\"><\/div><div class=\"fusion-sep-clear\"><\/div><div class=\"fusion-text fusion-text-2\"><h2 class=\"entry-title fusion-post-title\" data-fontsize=\"18\" data-lineheight=\"27\">ORDONAN\u0162\u0102 DE URGEN\u0162\u0102 Nr. 144 din 28 octombrie 2008<\/h2>\n<div class=\"post-content\">\n<p>ORDONAN\u0162\u0102 DE URGEN\u0162\u0102 Nr. 144 din 28 octombrie 2008 privind exercitarea profesiei de asistent medical generalist, a profesiei de moa\u015f\u0103 \u015fi a profesiei de asistent medical, precum \u015fi organizarea \u015fi func\u0163ionarea Ordinului Asisten\u0163ilor Medicali Generali\u015fti, Moa\u015felor \u015fi Asisten\u0163ilor Medicali din Rom\u00e2nia.<\/p>\n<h3 data-fontsize=\"17\" data-lineheight=\"23\"><strong><a href=\"https:\/\/www.oamr.ro\/wp-content\/uploads\/2013\/09\/OUG-144_Legea-278.2015.pdf\" target=\"_blank\" rel=\"noreferrer noopener\">Descarc\u0103 documentul complet<\/a><\/strong><\/h3>\n<\/div>\n<\/div><div class=\"fusion-sep-clear\"><\/div><div class=\"fusion-separator fusion-clearfix\" style=\"float:left;margin-bottom:20px;width:100%;max-width:20px;\"><\/div><div class=\"fusion-sep-clear\"><\/div><\/div><\/div><div class=\"fusion-clearfix\"><\/div><\/div><\/div><\/div><\/div><\/div><\/div><div class=\"fusion-scroll-section-element\" data-section=\"1\" data-element=\"3\" style=\"transition-duration:450ms;&quot;\" ><div class=\"fusion-fullwidth fullwidth-box fusion-builder-row-3 nonhundred-percent-fullwidth hundred-percent-height hundred-percent-height-center-content hundred-percent-height-scrolling fusion-equal-height-columns\" style=\"background-color: rgba(255,255,255,0);background-position: left top;background-repeat: no-repeat;padding-top:70px;padding-right:0px;padding-bottom:90px;padding-left:0px;margin-bottom: 0px;margin-top: 0px;border-width: 0px 0px 0px 0px;border-color:#e8eaf0;border-style:solid;\" ><div class=\"fusion-fullwidth-center-content\"><div class=\"fusion-builder-row fusion-row\"><div class=\"fusion-layout-column fusion_builder_column fusion-builder-column-3 fusion_builder_column_1_2 1_2 fusion-one-half fusion-column-first\" style=\"width:50%;width:calc(50% - ( ( 9% ) * 0.5 ) );margin-right: 9%;margin-top:30px;margin-bottom:20px;\"><div class=\"fusion-column-wrapper fusion-flex-column-wrapper-legacy\" style=\"background-position:left top;background-repeat:no-repeat;-webkit-background-size:cover;-moz-background-size:cover;-o-background-size:cover;background-size:cover;padding: 0px 0px 0px 0px;\"><div class=\"fusion-column-content-centered\"><div class=\"fusion-column-content\"><div class=\"fusion-sep-clear\"><\/div><div class=\"fusion-separator fusion-full-width-sep\" style=\"margin-left: auto;margin-right: auto;margin-top:15px;width:100%;\"><\/div><div class=\"fusion-sep-clear\"><\/div><div class=\"fusion-text fusion-text-3\"><h2 class=\"entry-title fusion-post-title\" data-fontsize=\"18\" data-lineheight=\"27\">Statutul OAMGMAMR<\/h2>\n<div class=\"post-content\">\n<p>HOT\u0102R\u00c2RE Nr. 1 din 10 februarie 2009 privind adoptarea Statutului Ordinului Asisten\u0163ilor Medicali Generali\u015fti, Moa\u015felor \u015fi Asisten\u0163ilor Medicali din Rom\u00e2nia.<\/p>\n<p>Text \u00een vigoare \u00eencep\u00e2nd cu data de 8 aprilie 2016<\/p>\n<h3 data-fontsize=\"17\" data-lineheight=\"23\"><strong><a href=\"https:\/\/www.oamr.ro\/wp-content\/uploads\/2014\/01\/Statut_forma-actualizata-2016.pdf\" target=\"_blank\" rel=\"noreferrer noopener\">Descarc\u0103 documentul complet<\/a><\/strong><\/h3>\n<\/div>\n<\/div><div class=\"fusion-sep-clear\"><\/div><div class=\"fusion-separator fusion-clearfix\" style=\"float:left;margin-bottom:20px;width:100%;max-width:20px;\"><\/div><div class=\"fusion-sep-clear\"><\/div><\/div><\/div><div class=\"fusion-clearfix\"><\/div><\/div><\/div><div class=\"fusion-layout-column fusion_builder_column fusion-builder-column-4 fusion_builder_column_1_2 1_2 fusion-one-half fusion-column-last\" style=\"width:50%;width:calc(50% - ( ( 9% ) * 0.5 ) );margin-top:30px;margin-bottom:20px;\"><div class=\"fusion-column-wrapper fusion-flex-column-wrapper-legacy\" style=\"background-position:left top;background-repeat:no-repeat;-webkit-background-size:cover;-moz-background-size:cover;-o-background-size:cover;background-size:cover;padding: 0px 0px 0px 0px;\"><div class=\"fusion-column-content-centered\"><div class=\"fusion-column-content\"><div class=\"fusion-sep-clear\"><\/div><div class=\"fusion-separator fusion-clearfix\" style=\"float:left;margin-bottom:20px;width:100%;max-width:20px;\"><\/div><div class=\"fusion-sep-clear\"><\/div><div class=\"imageframe-align-center\"><span class=\" fusion-imageframe imageframe-none imageframe-2 hover-type-none\"><img decoding=\"async\" width=\"1024\" height=\"692\" title=\"ws-7\" src=\"https:\/\/oamgmamr-gorj.ro\/wp-content\/uploads\/2019\/02\/ws-7-1024x692.png\" alt class=\"img-responsive wp-image-1050\" srcset=\"https:\/\/oamgmamr-gorj.ro\/wp-content\/uploads\/2019\/02\/ws-7-200x135.png 200w, https:\/\/oamgmamr-gorj.ro\/wp-content\/uploads\/2019\/02\/ws-7-400x270.png 400w, https:\/\/oamgmamr-gorj.ro\/wp-content\/uploads\/2019\/02\/ws-7-600x405.png 600w, https:\/\/oamgmamr-gorj.ro\/wp-content\/uploads\/2019\/02\/ws-7-800x541.png 800w, https:\/\/oamgmamr-gorj.ro\/wp-content\/uploads\/2019\/02\/ws-7-1200x811.png 1200w\" sizes=\"(max-width: 800px) 100vw, 600px\" \/><\/span><\/div><div class=\"fusion-sep-clear\"><\/div><div class=\"fusion-separator fusion-clearfix\" style=\"float:left;margin-bottom:20px;width:100%;max-width:20px;\"><\/div><div class=\"fusion-sep-clear\"><\/div><\/div><\/div><div class=\"fusion-clearfix\"><\/div><\/div><\/div><\/div><\/div><\/div><\/div><nav id=\"fusion-scroll-section-nav-1\" class=\"fusion-scroll-section-nav scroll-navigation-right\" data-section=\"1\" ><ul><li><a href=\"#fusion-scroll-section-element-1-1\" class=\"fusion-scroll-section-link\" data-name=\"Google Adwords\" data-element=\"1\"><span class=\"fusion-scroll-section-link-bullet\"><\/span><\/a><\/li><li><a href=\"#fusion-scroll-section-element-1-2\" class=\"fusion-scroll-section-link\" data-name=\"Brand Strategy\" data-element=\"2\"><span class=\"fusion-scroll-section-link-bullet\"><\/span><\/a><\/li><li><a href=\"#fusion-scroll-section-element-1-3\" class=\"fusion-scroll-section-link\" data-name=\"Rank Your Local Business\" data-element=\"3\"><span class=\"fusion-scroll-section-link-bullet\"><\/span><\/a><\/li><\/ul><\/nav><\/div><div class=\"fusion-fullwidth fullwidth-box fusion-builder-row-4 fusion-parallax-none nonhundred-percent-fullwidth non-hundred-percent-height-scrolling fusion-equal-height-columns\" style=\"background-color: rgba(0,0,0,0.6);background-image: url(&quot;http:\/\/oamgmamr-gorj.ro\/wp-content\/uploads\/2017\/10\/CTA-5.jpg&quot;);background-position: center center;background-repeat: no-repeat;background-blend-mode: overlay;padding-top:5%;padding-right:0px;padding-bottom:6%;padding-left:0px;margin-bottom: 0px;margin-top: 0px;border-width: 0px 0px 0px 0px;border-color:#e8eaf0;border-style:solid;-webkit-background-size:cover;-moz-background-size:cover;-o-background-size:cover;background-size:cover;\" ><div class=\"fusion-builder-row fusion-row\"><div class=\"fusion-layout-column fusion_builder_column fusion-builder-column-5 fusion_builder_column_1_4 1_4 fusion-one-fourth fusion-column-first fusion-no-small-visibility\" style=\"width:25%;width:calc(25% - ( ( 4% + 4% ) * 0.25 ) );margin-right: 4%;margin-top:0px;margin-bottom:0px;\"><div class=\"fusion-column-wrapper fusion-flex-column-wrapper-legacy\" style=\"background-position:left top;background-repeat:no-repeat;-webkit-background-size:cover;-moz-background-size:cover;-o-background-size:cover;background-size:cover;padding: 0px 0px 0px 0px;\"><div class=\"fusion-clearfix\"><\/div><\/div><\/div><div class=\"fusion-layout-column fusion_builder_column fusion-builder-column-6 fusion_builder_column_1_2 1_2 fusion-one-half\" style=\"width:50%;width:calc(50% - ( ( 4% + 4% ) * 0.5 ) );margin-right: 4%;margin-top:40px;margin-bottom:40px;\"><div class=\"fusion-column-wrapper fusion-flex-column-wrapper-legacy\" style=\"background-position:left top;background-repeat:no-repeat;-webkit-background-size:cover;-moz-background-size:cover;-o-background-size:cover;background-size:cover;padding: 0px 0px 0px 0px;\"><div class=\"fusion-column-content-centered\"><div class=\"fusion-column-content\"><style type=\"text\/css\"><\/style><div class=\"fusion-title title fusion-title-1 fusion-sep-none fusion-title-center fusion-title-text fusion-title-size-two\" style=\"margin-top:10px;margin-right:0px;margin-bottom:20px;margin-left:0px;\"><h2 class=\"title-heading-center fusion-responsive-typography-calculated\" style=\"margin:0;--fontSize:38;line-height:1.3;\"><span style=\"color: #ffffff;\">Contacta\u021bi-ne!<\/span><\/h2><\/div><div class=\"fusion-text fusion-text-4\"><p style=\"font-size: 21px; text-align: center;\"><span style=\"color: #ffffff;\">P\u0103rerea fiec\u0103ruia dintre dvs. conteaz\u0103 pentru noi. V\u0103 \u00eencuraj\u0103m s\u0103 ne scrie\u021bi nel\u0103muririle sau \u00eentreb\u0103rile dvs.!<\/span><\/p>\n<\/div><div class=\"fusion-sep-clear\"><\/div><div class=\"fusion-separator fusion-full-width-sep\" style=\"margin-left: auto;margin-right: auto;margin-top:10px;width:100%;\"><\/div><div class=\"fusion-sep-clear\"><\/div><div class=\"fusion-aligncenter\"><style>.fusion-body .fusion-button.button-1{border-radius:25px 25px 25px 25px;}<\/style><a class=\"fusion-button button-flat fusion-button-default-size button-default button-1 fusion-button-default-span fusion-button-default-type\" target=\"_self\" href=\"http:\/\/oamgmamr-gorj.ro\/contact\/\"><span class=\"fusion-button-text\">Contact<\/span><\/a><\/div><\/div><\/div><div class=\"fusion-clearfix\"><\/div><\/div><\/div><div class=\"fusion-layout-column fusion_builder_column fusion-builder-column-7 fusion_builder_column_1_4 1_4 fusion-one-fourth fusion-column-last fusion-no-small-visibility\" style=\"width:25%;width:calc(25% - ( ( 4% + 4% ) * 0.25 ) );margin-top:0px;margin-bottom:0px;\"><div class=\"fusion-column-wrapper fusion-flex-column-wrapper-legacy\" style=\"background-position:left top;background-repeat:no-repeat;-webkit-background-size:cover;-moz-background-size:cover;-o-background-size:cover;background-size:cover;padding: 0px 0px 0px 0px;\"><div class=\"fusion-clearfix\"><\/div><\/div><\/div><\/div><\/div><\/p>\n","protected":false},"excerpt":{"rendered":"","protected":false},"author":1,"featured_media":0,"parent":0,"menu_order":0,"comment_status":"closed","ping_status":"closed","template":"100-width.php","meta":{"_bbp_topic_count":0,"_bbp_reply_count":0,"_bbp_total_topic_count":0,"_bbp_total_reply_count":0,"_bbp_voice_count":0,"_bbp_anonymous_reply_count":0,"_bbp_topic_count_hidden":0,"_bbp_reply_count_hidden":0,"_bbp_forum_subforum_count":0,"footnotes":""},"yoast_head":"<!-- This site is optimized with the Yoast SEO plugin v18.6 - https:\/\/yoast.com\/wordpress\/plugins\/seo\/ -->\n<title>Legisla\u021bie - OAMGMAMR Filiala Gorj<\/title>\n<meta name=\"robots\" content=\"index, follow, max-snippet:-1, max-image-preview:large, max-video-preview:-1\" \/>\n<link rel=\"canonical\" href=\"https:\/\/oamgmamr-gorj.ro\/index.php\/legislatie-oamgmamr\/\" \/>\n<meta property=\"og:locale\" content=\"en_US\" \/>\n<meta property=\"og:type\" content=\"article\" \/>\n<meta property=\"og:title\" content=\"Legisla\u021bie - OAMGMAMR Filiala Gorj\" \/>\n<meta property=\"og:url\" content=\"https:\/\/oamgmamr-gorj.ro\/index.php\/legislatie-oamgmamr\/\" \/>\n<meta property=\"og:site_name\" content=\"OAMGMAMR Filiala Gorj\" \/>\n<meta property=\"article:modified_time\" content=\"2019-02-26T18:29:25+00:00\" \/>\n<meta name=\"twitter:card\" content=\"summary_large_image\" \/>\n<meta name=\"twitter:label1\" content=\"Est. reading time\" \/>\n\t<meta name=\"twitter:data1\" content=\"9 minutes\" \/>\n<script type=\"application\/ld+json\" class=\"yoast-schema-graph\">{\"@context\":\"https:\/\/schema.org\",\"@graph\":[{\"@type\":\"WebSite\",\"@id\":\"https:\/\/oamgmamr-gorj.ro\/#website\",\"url\":\"https:\/\/oamgmamr-gorj.ro\/\",\"name\":\"OAMGMAMR Filiala Gorj\",\"description\":\"Bine a\u021bi venit!\",\"potentialAction\":[{\"@type\":\"SearchAction\",\"target\":{\"@type\":\"EntryPoint\",\"urlTemplate\":\"https:\/\/oamgmamr-gorj.ro\/?s={search_term_string}\"},\"query-input\":\"required name=search_term_string\"}],\"inLanguage\":\"en-US\"},{\"@type\":\"WebPage\",\"@id\":\"https:\/\/oamgmamr-gorj.ro\/index.php\/legislatie-oamgmamr\/#webpage\",\"url\":\"https:\/\/oamgmamr-gorj.ro\/index.php\/legislatie-oamgmamr\/\",\"name\":\"Legisla\u021bie - OAMGMAMR Filiala Gorj\",\"isPartOf\":{\"@id\":\"https:\/\/oamgmamr-gorj.ro\/#website\"},\"datePublished\":\"2017-10-20T22:31:08+00:00\",\"dateModified\":\"2019-02-26T18:29:25+00:00\",\"breadcrumb\":{\"@id\":\"https:\/\/oamgmamr-gorj.ro\/index.php\/legislatie-oamgmamr\/#breadcrumb\"},\"inLanguage\":\"en-US\",\"potentialAction\":[{\"@type\":\"ReadAction\",\"target\":[\"https:\/\/oamgmamr-gorj.ro\/index.php\/legislatie-oamgmamr\/\"]}]},{\"@type\":\"BreadcrumbList\",\"@id\":\"https:\/\/oamgmamr-gorj.ro\/index.php\/legislatie-oamgmamr\/#breadcrumb\",\"itemListElement\":[{\"@type\":\"ListItem\",\"position\":1,\"name\":\"Home\",\"item\":\"https:\/\/oamgmamr-gorj.ro\/\"},{\"@type\":\"ListItem\",\"position\":2,\"name\":\"Legisla\u021bie\"}]}]}<\/script>\n<!-- \/ Yoast SEO plugin. -->","yoast_head_json":{"title":"Legisla\u021bie - OAMGMAMR Filiala Gorj","robots":{"index":"index","follow":"follow","max-snippet":"max-snippet:-1","max-image-preview":"max-image-preview:large","max-video-preview":"max-video-preview:-1"},"canonical":"https:\/\/oamgmamr-gorj.ro\/index.php\/legislatie-oamgmamr\/","og_locale":"en_US","og_type":"article","og_title":"Legisla\u021bie - OAMGMAMR Filiala Gorj","og_url":"https:\/\/oamgmamr-gorj.ro\/index.php\/legislatie-oamgmamr\/","og_site_name":"OAMGMAMR Filiala Gorj","article_modified_time":"2019-02-26T18:29:25+00:00","twitter_card":"summary_large_image","twitter_misc":{"Est. reading time":"9 minutes"},"schema":{"@context":"https:\/\/schema.org","@graph":[{"@type":"WebSite","@id":"https:\/\/oamgmamr-gorj.ro\/#website","url":"https:\/\/oamgmamr-gorj.ro\/","name":"OAMGMAMR Filiala Gorj","description":"Bine a\u021bi venit!","potentialAction":[{"@type":"SearchAction","target":{"@type":"EntryPoint","urlTemplate":"https:\/\/oamgmamr-gorj.ro\/?s={search_term_string}"},"query-input":"required name=search_term_string"}],"inLanguage":"en-US"},{"@type":"WebPage","@id":"https:\/\/oamgmamr-gorj.ro\/index.php\/legislatie-oamgmamr\/#webpage","url":"https:\/\/oamgmamr-gorj.ro\/index.php\/legislatie-oamgmamr\/","name":"Legisla\u021bie - OAMGMAMR Filiala Gorj","isPartOf":{"@id":"https:\/\/oamgmamr-gorj.ro\/#website"},"datePublished":"2017-10-20T22:31:08+00:00","dateModified":"2019-02-26T18:29:25+00:00","breadcrumb":{"@id":"https:\/\/oamgmamr-gorj.ro\/index.php\/legislatie-oamgmamr\/#breadcrumb"},"inLanguage":"en-US","potentialAction":[{"@type":"ReadAction","target":["https:\/\/oamgmamr-gorj.ro\/index.php\/legislatie-oamgmamr\/"]}]},{"@type":"BreadcrumbList","@id":"https:\/\/oamgmamr-gorj.ro\/index.php\/legislatie-oamgmamr\/#breadcrumb","itemListElement":[{"@type":"ListItem","position":1,"name":"Home","item":"https:\/\/oamgmamr-gorj.ro\/"},{"@type":"ListItem","position":2,"name":"Legisla\u021bie"}]}]}},"_links":{"self":[{"href":"https:\/\/oamgmamr-gorj.ro\/index.php\/wp-json\/wp\/v2\/pages\/50"}],"collection":[{"href":"https:\/\/oamgmamr-gorj.ro\/index.php\/wp-json\/wp\/v2\/pages"}],"about":[{"href":"https:\/\/oamgmamr-gorj.ro\/index.php\/wp-json\/wp\/v2\/types\/page"}],"author":[{"embeddable":true,"href":"https:\/\/oamgmamr-gorj.ro\/index.php\/wp-json\/wp\/v2\/users\/1"}],"replies":[{"embeddable":true,"href":"https:\/\/oamgmamr-gorj.ro\/index.php\/wp-json\/wp\/v2\/comments?post=50"}],"version-history":[{"count":13,"href":"https:\/\/oamgmamr-gorj.ro\/index.php\/wp-json\/wp\/v2\/pages\/50\/revisions"}],"predecessor-version":[{"id":1150,"href":"https:\/\/oamgmamr-gorj.ro\/index.php\/wp-json\/wp\/v2\/pages\/50\/revisions\/1150"}],"wp:attachment":[{"href":"https:\/\/oamgmamr-gorj.ro\/index.php\/wp-json\/wp\/v2\/media?parent=50"}],"curies":[{"name":"wp","href":"https:\/\/api.w.org\/{rel}","templated":true}]}}